{"id":2810,"date":"2021-05-19T13:50:06","date_gmt":"2021-05-19T16:50:06","guid":{"rendered":"https:\/\/museuafrobrasileiro.com.br\/?page_id=2810"},"modified":"2021-05-19T13:51:25","modified_gmt":"2021-05-19T16:51:25","slug":"marcelo-reis","status":"publish","type":"page","link":"https:\/\/museuafrobrasileiro.com.br\/index.php\/marcelo-reis\/","title":{"rendered":"Marcelo Reis"},"content":{"rendered":"<p>[vc_row use_container=&#8221;yes&#8221; use_predefined_class=&#8221;yes&#8221;][vc_column][ts_section_title animate_block=&#8221;yes&#8221; animation_type=&#8221;pulse&#8221; title=&#8221;Marcelo Reis&#8221;][ts_text_block animate_block=&#8221;yes&#8221; animation_type=&#8221;fadeIn&#8221; animation_delay=&#8221;0.01s&#8221;]Vive e trabalha em Salvador, na Bahia, onde nasceu. Formado em Jornalismo, \u00e9 mestrando em Gest\u00e3o e Educa\u00e7\u00e3o com \u00eanfase na Fotografia pela Universidade do Estado da Bahia (UNEB). Atua como professor pesquisador, produtor cultural, curador e coordenador de Artes Visuais da Funda\u00e7\u00e3o Cultural do Estado da Bahia (FUNCEB).[\/ts_text_block][vc_empty_space]\r\n        <style>\r\n        \t.unique-carousel-33 .owl-next, .unique-carousel-33 .owl-prev{\r\n        \t\tbackground:   !important;\r\n        \t\tcolor:  !important;\r\n        \t}\r\n\r\n        \t.unique-carousel-33.owl-theme .owl-dots .owl-dot.active span, .unique-carousel-33.owl-theme .owl-dots .owl-dot:hover span{\r\n        \t\tbackground:  !important;\r\n        \t}\r\n\r\n        \t.owl-next, .owl-prev{\r\n        \t\ttop: 40%;\r\n        \t}\r\n        <\/style>\r\n        <div class=\"wdo-carosuel-container unique-carousel-33 owl-carousel owl-theme\">\r\n        \t\t\t\t\r\n\t\t<div class=\"item\">\r\n\t\t\t[ts_image image=&#8221;2587&#8243;]\t\t<\/div>\r\n\r\n\t\t\t\t\t\r\n\t\t<div class=\"item\">\r\n\t\t\t[ts_image image=&#8221;2588&#8243;]\t\t<\/div>\r\n\r\n\t\t\t\t\t\r\n\t\t<div class=\"item\">\r\n\t\t\t[ts_image image=&#8221;2589&#8243;]\t\t<\/div>\r\n\r\n\t\t        <\/div>\r\n        <script type=\"text\/javascript\">\r\n        \tjQuery(document).ready(function ($) {\r\n        \t\t$('.unique-carousel-33').owlCarousel({\r\n        \t\t    margin:10,\r\n        \t\t    touchDrag:true,\r\n        \t\t    mouseDrag:true,\r\n        \t\t    animateIn: \"no-animation\",\r\n        \t\t    animateOut: \"no-animation\",\r\n        \t\t    video:true,\r\n        \t\t    videoWidth:true,\r\n        \t\t    videoHeight:300,\r\n        \t\t    loop:true,\r\n        \t\t    slideBy:1,\r\n        \t\t    autoplay:true, \r\n        \t\t    nav:true,\r\n        \t\t    dots:true,\r\n        \t\t    navText:[\"<div class='nav-btn prev-slide'><\/div>\",\"<div class='nav-btn next-slide'><\/div>\"],\r\n        \t\t    responsive:{\r\n        \t\t        0:{\r\n        \t\t            items:1        \t\t        },\r\n        \t\t        600:{\r\n        \t\t            items:1        \t\t        },\r\n        \t\t        1000:{\r\n        \t\t            items:1        \t\t        }\r\n        \t\t    }\r\n        \t\t});\r\n        \t});\r\n        <\/script>\r\n\r\n        [\/vc_column][\/vc_row]<\/p>\n","protected":false},"excerpt":{"rendered":"<p>[vc_row use_container=&#8221;yes&#8221; use_predefined_class=&#8221;yes&#8221;][vc_column][ts_section_title animate_block=&#8221;yes&#8221; animation_type=&#8221;pulse&#8221; title=&#8221;Marcelo Reis&#8221;][ts_text_block animate_block=&#8221;yes&#8221; animation_type=&#8221;fadeIn&#8221; animation_delay=&#8221;0.01s&#8221;]Vive e trabalha em Salvador, na Bahia, onde nasceu. Formado em Jornalismo, \u00e9 mestrando em Gest\u00e3o e Educa\u00e7\u00e3o com \u00eanfase na Fotografia pela Universidade do Estado da Bahia (UNEB). Atua como professor pesquisador, produtor cultural, curador e coordenador de Artes Visuais da Funda\u00e7\u00e3o Cultural do Estado [&hellip;]<\/p>\n","protected":false},"author":1,"featured_media":0,"parent":0,"menu_order":0,"comment_status":"closed","ping_status":"closed","template":"page-builder.php","meta":{"footnotes":""},"class_list":["post-2810","page","type-page","status-publish","format-standard","hentry"],"_links":{"self":[{"href":"https:\/\/museuafrobrasileiro.com.br\/index.php\/wp-json\/wp\/v2\/pages\/2810","targetHints":{"allow":["GET"]}}],"collection":[{"href":"https:\/\/museuafrobrasileiro.com.br\/index.php\/wp-json\/wp\/v2\/pages"}],"about":[{"href":"https:\/\/museuafrobrasileiro.com.br\/index.php\/wp-json\/wp\/v2\/types\/page"}],"author":[{"embeddable":true,"href":"https:\/\/museuafrobrasileiro.com.br\/index.php\/wp-json\/wp\/v2\/users\/1"}],"replies":[{"embeddable":true,"href":"https:\/\/museuafrobrasileiro.com.br\/index.php\/wp-json\/wp\/v2\/comments?post=2810"}],"version-history":[{"count":3,"href":"https:\/\/museuafrobrasileiro.com.br\/index.php\/wp-json\/wp\/v2\/pages\/2810\/revisions"}],"predecessor-version":[{"id":2813,"href":"https:\/\/museuafrobrasileiro.com.br\/index.php\/wp-json\/wp\/v2\/pages\/2810\/revisions\/2813"}],"wp:attachment":[{"href":"https:\/\/museuafrobrasileiro.com.br\/index.php\/wp-json\/wp\/v2\/media?parent=2810"}],"curies":[{"name":"wp","href":"https:\/\/api.w.org\/{rel}","templated":true}]}}

<p>[vc_row use_container=&#8221;yes&#8221; use_predefined_class=&#8221;yes&#8221;][vc_column][ts_section_title animate_block=&#8221;yes&#8221; animation_type=&#8221;pulse&#8221; title=&#8221;Marcelo Reis&#8221;][ts_text_block animate_block=&#8221;yes&#8221; animation_type=&#8221;fadeIn&#8221; animation_delay=&#8221;0.01s&#8221;]Vive e trabalha em Salvador, na Bahia, onde nasceu. Formado em Jornalismo, é mestrando em Gestão e Educação com ênfase na Fotografia pela Universidade do Estado da Bahia (UNEB). Atua como professor pesquisador, produtor cultural, curador e coordenador de Artes Visuais da Fundação Cultural do Estado da Bahia (FUNCEB).[/ts_text_block][vc_empty_space]
        <style>
        	.unique-carousel-33 .owl-next, .unique-carousel-33 .owl-prev{
        		background:   !important;
        		color:  !important;
        	}

        	.unique-carousel-33.owl-theme .owl-dots .owl-dot.active span, .unique-carousel-33.owl-theme .owl-dots .owl-dot:hover span{
        		background:  !important;
        	}

        	.owl-next, .owl-prev{
        		top: 40%;
        	}
        </style>
        <div class="wdo-carosuel-container unique-carousel-33 owl-carousel owl-theme">
        				
		<div class="item">
			[ts_image image=&#8221;2587&#8243;]		</div>

					
		<div class="item">
			[ts_image image=&#8221;2588&#8243;]		</div>

					
		<div class="item">
			[ts_image image=&#8221;2589&#8243;]		</div>

		        </div>
        <script type="text/javascript">
        	jQuery(document).ready(function ($) {
        		$('.unique-carousel-33').owlCarousel({
        		    margin:10,
        		    touchDrag:true,
        		    mouseDrag:true,
        		    animateIn: "no-animation",
        		    animateOut: "no-animation",
        		    video:true,
        		    videoWidth:true,
        		    videoHeight:300,
        		    loop:true,
        		    slideBy:1,
        		    autoplay:true, 
        		    nav:true,
        		    dots:true,
        		    navText:["<div class='nav-btn prev-slide'></div>","<div class='nav-btn next-slide'></div>"],
        		    responsive:{
        		        0:{
        		            items:1        		        },
        		        600:{
        		            items:1        		        },
        		        1000:{
        		            items:1        		        }
        		    }
        		});
        	});
        </script>

        [/vc_column][/vc_row]</p>

<p>[vc_row use_container=&#8221;yes&#8221; use_predefined_class=&#8221;yes&#8221;][vc_column][ts_section_title animate_block=&#8221;yes&#8221; animation_type=&#8221;pulse&#8221; title=&#8221;Marcelo Reis&#8221;][ts_text_block animate_block=&#8221;yes&#8221; animation_type=&#8221;fadeIn&#8221; animation_delay=&#8221;0.01s&#8221;]Vive e trabalha em Salvador, na Bahia, onde nasceu. Formado em Jornalismo, é mestrando em Gestão e Educação com ênfase na Fotografia pela Universidade do Estado da Bahia (UNEB). Atua como professor pesquisador, produtor cultural, curador e coordenador de Artes Visuais da Fundação Cultural do Estado [&hellip;]</p>
