{"id":3455,"date":"2025-02-18T11:14:43","date_gmt":"2025-02-18T14:14:43","guid":{"rendered":"https:\/\/museuafrobrasileiro.com.br\/?page_id=3455"},"modified":"2025-02-18T11:14:44","modified_gmt":"2025-02-18T14:14:44","slug":"visitas-mediadas-a-exposicao-ona-irin-caminho-de-ferro","status":"publish","type":"page","link":"https:\/\/museuafrobrasileiro.com.br\/index.php\/visitas-mediadas-a-exposicao-ona-irin-caminho-de-ferro\/","title":{"rendered":"Visitas mediadas a exposi\u00e7\u00e3o &#8220;\u00d2n\u00e1 \u00ccr\u00edn: Caminho de Ferro&#8221;"},"content":{"rendered":"\n<p><strong>Artista  conduz encontros exclusivos para compartilhar inspira\u00e7\u00f5es e processos criativos na exposi\u00e7\u00e3o com curadoria de Ayrson Her\u00e1clito e Ayrton Viana<\/strong><\/p>\n\n\n\n<p>Salvador, fevereiro de 2025 \u2013 Participe de uma experi\u00eancia imersiva na exposi\u00e7\u00e3o <em>\u00d2n\u00e1 \u00ccr\u00edn: Caminho de Ferro<\/em>, da artista <strong>N\u00e1dia Taquary<\/strong>, com visitas guiadas. Com <strong>curadoria de Ayrson Her\u00e1clito, Marcelo Campos e Amanda Bonan<\/strong>, a mostra prop\u00f5e uma imers\u00e3o na mem\u00f3ria, espiritualidade e resist\u00eancia afro-brasileira, mostrando s\u00edmbolos da ancestralidade por meio da arte.<\/p>\n\n\n\n<p>As <strong>visitas guiadas<\/strong> acontecem nos dias <strong>19 e 26 de fevereiro e 18 de mar\u00e7o, sempre \u00e0s 15h30<\/strong>, em grupos pequenos, proporcionando uma experi\u00eancia mais pr\u00f3xima e interativa com a artista. <\/p>\n\n\n\n<p>A exposi\u00e7\u00e3o, em cartaz no Museu Nacional da Cultura Afro-brasileira &#8211; MUNCAB at\u00e9 <strong>23 de mar\u00e7o de 2025<\/strong>, apresenta esculturas, joalheria e instala\u00e7\u00f5es inspiradas na cultura afro-brasileira. Com uma proposta visual impactante, a mostra faz refer\u00eancia \u00e0s tradi\u00e7\u00f5es nag\u00f4 e iorub\u00e1, evocando a for\u00e7a de Ogum Xoroqu\u00ea e a pot\u00eancia das \u00ccy\u00e0mi Aje, figuras m\u00edsticas do universo feminino africano. O projeto expositivo conta com <strong>expografia assinada pela arquiteta Gisele de Paula<\/strong> e trilha sonora de <strong>Tigan\u00e1 Santana<\/strong> e <strong>Virg\u00ednia Rodrigues<\/strong>, criando uma experi\u00eancia sensorial profunda.<\/p>\n\n\n\n<p>As inscri\u00e7\u00f5es para as visitas guiadas s\u00e3o<strong> limitadas<\/strong>, devendo ser feitas atrav\u00e9s do link abaixo: <br><a href=\"https:\/\/docs.google.com\/forms\/d\/1TIGCcv15-c02OgWM_lVHUpo8GDTmSyfViqGM3PAM6I8\/preview\">&#8211; Visita mediada quarta-feira (19\/02), \u00e0s 15h30, acesso ao museu gratuito (inscri\u00e7\u00f5es aqui)<\/a><br><a href=\"https:\/\/docs.google.com\/forms\/d\/1eO95weDn_fcLLVfz9aQ7_T9TAmn_1mbx9iMQ88RH5q0\/preview\">&#8211; Visita mediada quarta-feira (26\/02), \u00e0s 15h30, acesso ao museu gratuito (inscri\u00e7\u00f5es aqui)<\/a><br><a href=\"https:\/\/docs.google.com\/forms\/d\/1dFfZwceK49eySBo_8f0X1pFOmjg2I-VPAGhJB1lcTpU\/preview\">&#8211; Visita mediada ter\u00e7a-feira (18\/03), \u00e0s 15h30, acesso ao museu pago (inscri\u00e7\u00f5es aqui)<\/a><\/p>\n\n\n\n<h3 class=\"wp-block-heading\"><strong>Servi\u00e7o<\/strong><\/h3>\n\n\n\n<p><strong>O qu\u00ea:<\/strong> Visitas Guiadas \u00e0 exposi\u00e7\u00e3o &#8220;\u00d2n\u00e1 \u00ccr\u00edn: Caminho de Ferro&#8221; com N\u00e1dia Taquary<br><strong>Curadoria:<\/strong> Ayrson Her\u00e1clito, Amanda Bonan e Marcelo Campos<br><strong>Onde:<\/strong> Museu Nacional da Cultura Afro-Brasileira \u2013 MUNCAB (Rua das Vassouras, 25, Salvador \u2013 BA)<br><strong>Visitas Guiadas:<\/strong> 19\/02, 26\/02 e 18\/03, \u00e0s 15h30<br><strong>Exposi\u00e7\u00e3o:<\/strong> At\u00e9 23\/03\/2025<br><strong>Ingressos:<\/strong> R$ 20 (inteira) | R$ 10 (meia) | Entrada gratuita \u00e0s quartas-feiras e domingos<br><strong>Inscri\u00e7\u00f5es:<\/strong> <strong><a href=\"http:\/\/www.muncab.org\">www.museuafrobrasileiro.com.br<\/a><\/strong><\/p>\n\n\n\n<p>Mais informa\u00e7\u00f5es: <strong><a href=\"http:\/\/www.muncab.org\">www.museuafrobrasileiro.com.br<\/a><\/strong><\/p>\n\n\n\n<h3 class=\"wp-block-heading\"><strong>Sobre o MUNCAB<\/strong><\/h3>\n\n\n\n<p>O <strong>Museu Nacional da Cultura Afro-Brasileira (MUNCAB)<\/strong> \u00e9 um espa\u00e7o dedicado \u00e0 preserva\u00e7\u00e3o, pesquisa e valoriza\u00e7\u00e3o das culturas africanas e afro-brasileiras. Com uma programa\u00e7\u00e3o diversa, o museu promove exposi\u00e7\u00f5es, atividades educativas e di\u00e1logos sobre a mem\u00f3ria e identidade da di\u00e1spora africana, contribuindo para a constru\u00e7\u00e3o de narrativas decoloniais e para a valoriza\u00e7\u00e3o do patrim\u00f4nio imaterial negro.<\/p>\n","protected":false},"excerpt":{"rendered":"<p>Artista conduz encontros exclusivos para compartilhar inspira\u00e7\u00f5es e processos criativos na exposi\u00e7\u00e3o com curadoria de Ayrson Her\u00e1clito e Ayrton Viana Salvador, fevereiro de 2025 \u2013 Participe de uma experi\u00eancia imersiva na exposi\u00e7\u00e3o \u00d2n\u00e1 \u00ccr\u00edn: Caminho de Ferro, da artista N\u00e1dia Taquary, com visitas guiadas. Com curadoria de Ayrson Her\u00e1clito, Marcelo Campos e Amanda Bonan, a [&hellip;]<\/p>\n","protected":false},"author":1,"featured_media":0,"parent":0,"menu_order":0,"comment_status":"closed","ping_status":"closed","template":"","meta":{"footnotes":""},"class_list":["post-3455","page","type-page","status-publish","format-standard","hentry"],"_links":{"self":[{"href":"https:\/\/museuafrobrasileiro.com.br\/index.php\/wp-json\/wp\/v2\/pages\/3455","targetHints":{"allow":["GET"]}}],"collection":[{"href":"https:\/\/museuafrobrasileiro.com.br\/index.php\/wp-json\/wp\/v2\/pages"}],"about":[{"href":"https:\/\/museuafrobrasileiro.com.br\/index.php\/wp-json\/wp\/v2\/types\/page"}],"author":[{"embeddable":true,"href":"https:\/\/museuafrobrasileiro.com.br\/index.php\/wp-json\/wp\/v2\/users\/1"}],"replies":[{"embeddable":true,"href":"https:\/\/museuafrobrasileiro.com.br\/index.php\/wp-json\/wp\/v2\/comments?post=3455"}],"version-history":[{"count":1,"href":"https:\/\/museuafrobrasileiro.com.br\/index.php\/wp-json\/wp\/v2\/pages\/3455\/revisions"}],"predecessor-version":[{"id":3456,"href":"https:\/\/museuafrobrasileiro.com.br\/index.php\/wp-json\/wp\/v2\/pages\/3455\/revisions\/3456"}],"wp:attachment":[{"href":"https:\/\/museuafrobrasileiro.com.br\/index.php\/wp-json\/wp\/v2\/media?parent=3455"}],"curies":[{"name":"wp","href":"https:\/\/api.w.org\/{rel}","templated":true}]}}

Visitas mediadas a exposição &#8220;Òná Ìrín: Caminho de Ferro&#8221;

<p><strong>Artista  conduz encontros exclusivos para compartilhar inspirações e processos criativos na exposição com curadoria de Ayrson Heráclito e Ayrton Viana</strong></p>



<p>Salvador, fevereiro de 2025 – Participe de uma experiência imersiva na exposição <em>Òná Ìrín: Caminho de Ferro</em>, da artista <strong>Nádia Taquary</strong>, com visitas guiadas. Com <strong>curadoria de Ayrson Heráclito, Marcelo Campos e Amanda Bonan</strong>, a mostra propõe uma imersão na memória, espiritualidade e resistência afro-brasileira, mostrando símbolos da ancestralidade por meio da arte.</p>



<p>As <strong>visitas guiadas</strong> acontecem nos dias <strong>19 e 26 de fevereiro e 18 de março, sempre às 15h30</strong>, em grupos pequenos, proporcionando uma experiência mais próxima e interativa com a artista. </p>



<p>A exposição, em cartaz no Museu Nacional da Cultura Afro-brasileira &#8211; MUNCAB até <strong>23 de março de 2025</strong>, apresenta esculturas, joalheria e instalações inspiradas na cultura afro-brasileira. Com uma proposta visual impactante, a mostra faz referência às tradições nagô e iorubá, evocando a força de Ogum Xoroquê e a potência das Ìyàmi Aje, figuras místicas do universo feminino africano. O projeto expositivo conta com <strong>expografia assinada pela arquiteta Gisele de Paula</strong> e trilha sonora de <strong>Tiganá Santana</strong> e <strong>Virgínia Rodrigues</strong>, criando uma experiência sensorial profunda.</p>



<p>As inscrições para as visitas guiadas são<strong> limitadas</strong>, devendo ser feitas através do link abaixo: <br><a href="https://docs.google.com/forms/d/1TIGCcv15-c02OgWM_lVHUpo8GDTmSyfViqGM3PAM6I8/preview">&#8211; Visita mediada quarta-feira (19/02), às 15h30, acesso ao museu gratuito (inscrições aqui)</a><br><a href="https://docs.google.com/forms/d/1eO95weDn_fcLLVfz9aQ7_T9TAmn_1mbx9iMQ88RH5q0/preview">&#8211; Visita mediada quarta-feira (26/02), às 15h30, acesso ao museu gratuito (inscrições aqui)</a><br><a href="https://docs.google.com/forms/d/1dFfZwceK49eySBo_8f0X1pFOmjg2I-VPAGhJB1lcTpU/preview">&#8211; Visita mediada terça-feira (18/03), às 15h30, acesso ao museu pago (inscrições aqui)</a></p>



<h3 class="wp-block-heading"><strong>Serviço</strong></h3>



<p><strong>O quê:</strong> Visitas Guiadas à exposição &#8220;Òná Ìrín: Caminho de Ferro&#8221; com Nádia Taquary<br><strong>Curadoria:</strong> Ayrson Heráclito, Amanda Bonan e Marcelo Campos<br><strong>Onde:</strong> Museu Nacional da Cultura Afro-Brasileira – MUNCAB (Rua das Vassouras, 25, Salvador – BA)<br><strong>Visitas Guiadas:</strong> 19/02, 26/02 e 18/03, às 15h30<br><strong>Exposição:</strong> Até 23/03/2025<br><strong>Ingressos:</strong> R$ 20 (inteira) | R$ 10 (meia) | Entrada gratuita às quartas-feiras e domingos<br><strong>Inscrições:</strong> <strong><a href="http://www.muncab.org">www.museuafrobrasileiro.com.br</a></strong></p>



<p>Mais informações: <strong><a href="http://www.muncab.org">www.museuafrobrasileiro.com.br</a></strong></p>



<h3 class="wp-block-heading"><strong>Sobre o MUNCAB</strong></h3>



<p>O <strong>Museu Nacional da Cultura Afro-Brasileira (MUNCAB)</strong> é um espaço dedicado à preservação, pesquisa e valorização das culturas africanas e afro-brasileiras. Com uma programação diversa, o museu promove exposições, atividades educativas e diálogos sobre a memória e identidade da diáspora africana, contribuindo para a construção de narrativas decoloniais e para a valorização do patrimônio imaterial negro.</p>

<p>Artista conduz encontros exclusivos para compartilhar inspirações e processos criativos na exposição com curadoria de Ayrson Heráclito e Ayrton Viana Salvador, fevereiro de 2025 – Participe de uma experiência imersiva na exposição Òná Ìrín: Caminho de Ferro, da artista Nádia Taquary, com visitas guiadas. Com curadoria de Ayrson Heráclito, Marcelo Campos e Amanda Bonan, a [&hellip;]</p>
