{"id":3457,"date":"2025-02-18T12:01:41","date_gmt":"2025-02-18T15:01:41","guid":{"rendered":"https:\/\/museuafrobrasileiro.com.br\/?page_id=3457"},"modified":"2025-02-18T12:02:52","modified_gmt":"2025-02-18T15:02:52","slug":"educativo","status":"publish","type":"page","link":"https:\/\/museuafrobrasileiro.com.br\/index.php\/educativo\/","title":{"rendered":"Educativo"},"content":{"rendered":"\n<p><strong>EDUCATIVO DO MUNCAB<\/strong><br>A educa\u00e7\u00e3o museal compreende um processo de m\u00faltiplas dimens\u00f5es de ordem te\u00f3rica, pr\u00e1tica e de planejamento, em permanente di\u00e1logo com o museu e a sociedade. Aliar propostas de arte e educa\u00e7\u00e3o, comprometidas com as origens do povo brasileiro e com a valoriza\u00e7\u00e3o das diversidades, \u00e9 uma das diretrizes que norteia o projeto educativo do Museu Nacional da Cultura Afro-Brasileira. As a\u00e7\u00f5es educacionais do Muncab s\u00e3o realizadas em parceria com a Associa\u00e7\u00e3o Sociocultural Nubas. O programa busca atrair e engajar diversos segmentos da sociedade, fomentando o di\u00e1logo intercultural e a compreens\u00e3o da contribui\u00e7\u00e3o afro-brasileira para a cultura nacional.<br><br><br><strong>DI\u00c1LOGOS NEGROS MUNCAB:<\/strong> Este espa\u00e7o visa promover o compartilhamento de experi\u00eancias, fortalecimento identit\u00e1rio, diversidade e coopera\u00e7\u00e3o entre diversas \u00e1reas da cultura. Os encontros re\u00fanem artistas, t\u00e9cnicos, intelectuais, agentes culturais, produtores e pesquisadores para discutir a cultura afro-brasileira, afro-atl\u00e2ntica e africana, enfocando aspectos hist\u00f3ricos, mem\u00f3ria e contemporaneidade. Al\u00e9m disso, o projeto ter\u00e1 um enfoque especial no protagonismo juvenil e na promo\u00e7\u00e3o da heran\u00e7a negra, refor\u00e7ando a autoestima e o pertencimento.\u00a0<\/p>\n\n\n\n<p><strong>OFICINAS MUNCAB: <\/strong>Oficinas gratuitas, realizadas em quatro dias consecutivos (quintas a domingos no per\u00edodo vespertino), dialogando com a programa\u00e7\u00e3o cultural do museu e explorando diversas vertentes e conex\u00f5es com as artes visuais.&nbsp;<\/p>\n\n\n\n<p><strong>DI\u00c1LOGOS NO ACERVO NO MUNCAB:<\/strong> Encontros gratuitos de aproximadamente uma hora que mostram diferentes abordagens da cole\u00e7\u00e3o do museu, seguindo a proposta da estrutura dos cavaletes que elimina hierarquias na apresenta\u00e7\u00e3o das obras. Os di\u00e1logos ser\u00e3o conduzidos pelos integrantes do n\u00facleo de Media\u00e7\u00e3o e Programas P\u00fablicos, podendo contar com a participa\u00e7\u00e3o de convidados externos ou colaboradores de outros n\u00facleos do MUNCAB.\u00a0<br><br><strong>AGENDAMENTO DE ESCOLAS NO MUNCAB: <\/strong>Este servi\u00e7o permite que professores e escolas organizem suas pr\u00f3prias visitas ao museu, facilitando o acesso de escolas e institui\u00e7\u00f5es educacionais. Al\u00e9m disso, ser\u00e3o mantidas as pol\u00edticas de apoio a professores, distribui\u00e7\u00e3o gratuita de materiais educativos e parcerias com escolas da vizinhan\u00e7a, visando a democratiza\u00e7\u00e3o do acesso ao conhecimento sobre a cultura afro-brasileira.<br><br>O Plano Pol\u00edtico Pedag\u00f3gico do Museu Nacional da Cultura Afro-brasileira (Muncab) tamb\u00e9m considera os seguintes princ\u00edpios e valores essenciais inspirado na Escola Criativa Boca de Brasa:\u00a0<\/p>\n\n\n\n<ul class=\"wp-block-list\">\n<li>Contribui\u00e7\u00e3o em a\u00e7\u00f5es de combate ao racismo e ao machismo, de apoio a comunidades quilombolas, \u00e0s manifesta\u00e7\u00f5es de matrizes africanas, bem como \u00e0s tem\u00e1ticas LGBTQIAPN+, de valoriza\u00e7\u00e3o das mulheres, pessoas com defici\u00eancia, idosos e outras minorias.\u00a0<\/li>\n<\/ul>\n\n\n\n<ul class=\"wp-block-list\">\n<li>Potencializa\u00e7\u00e3o da voca\u00e7\u00e3o afro-brasileira para o pioneirismo, inova\u00e7\u00e3o e diversidade cultural e criativa.\u00a0<\/li>\n<\/ul>\n\n\n\n<ul class=\"wp-block-list\">\n<li>Contribui\u00e7\u00e3o com a\u00e7\u00f5es formativas que foquem nas culturas de matrizes afro-brasileiras, tendo como p\u00fablico priorit\u00e1rio os mais vulner\u00e1veis e exclu\u00eddos.<\/li>\n<\/ul>\n\n\n\n<ul class=\"wp-block-list\">\n<li>Valoriza\u00e7\u00e3o da diversidade cultural nas dimens\u00f5es simb\u00f3lica, cidad\u00e3 e econ\u00f4mica.<\/li>\n<\/ul>\n\n\n\n<ul class=\"wp-block-list\">\n<li>Promo\u00e7\u00e3o e respeito aos direitos culturais na perspectiva da democracia, da cidadania cultural e da interculturalidade.\u00a0<\/li>\n<\/ul>\n\n\n\n<ul class=\"wp-block-list\">\n<li>Contribui\u00e7\u00e3o para a supera\u00e7\u00e3o da segrega\u00e7\u00e3o socioespacial, socioecon\u00f4mica, racial, de g\u00eanero e de orienta\u00e7\u00e3o sexual.\u00a0<\/li>\n<\/ul>\n\n\n\n<ul class=\"wp-block-list\">\n<li>Democratiza\u00e7\u00e3o do acesso \u00e0 cultura com rela\u00e7\u00e3o aos meios de cria\u00e7\u00e3o, produ\u00e7\u00e3o, circula\u00e7\u00e3o, distribui\u00e7\u00e3o e frui\u00e7\u00e3o de bens culturais.\u00a0<\/li>\n<\/ul>\n\n\n\n<ul class=\"wp-block-list\">\n<li>Contribui\u00e7\u00e3o para a promo\u00e7\u00e3o da acessibilidade, considerando as dimens\u00f5es arquitet\u00f4nica, comunicacional, metodol\u00f3gica, instrumental e program\u00e1tica.\u00a0<\/li>\n<\/ul>\n\n\n\n<ul class=\"wp-block-list\">\n<li>Integra\u00e7\u00e3o, transversalidade e intersetorialidade de a\u00e7\u00f5es culturais.\u00a0<\/li>\n<\/ul>\n\n\n\n<ul class=\"wp-block-list\">\n<li>Descentraliza\u00e7\u00e3o de a\u00e7\u00f5es culturais com ampla abrang\u00eancia de p\u00fablicos.\u00a0<\/li>\n<\/ul>\n\n\n\n<ul class=\"wp-block-list\">\n<li>Fortalecimento da economia criativa, do empreendedorismo, da gera\u00e7\u00e3o de renda e da inser\u00e7\u00e3o de agentes culturais e criativos no mercado de trabalho.\u00a0<\/li>\n<\/ul>\n\n\n\n<ul class=\"wp-block-list\">\n<li>Foco na potencializa\u00e7\u00e3o, sustentabilidade e atua\u00e7\u00e3o colaborativa de iniciativas culturais e criativas.\u00a0<\/li>\n<\/ul>\n","protected":false},"excerpt":{"rendered":"<p>EDUCATIVO DO MUNCABA educa\u00e7\u00e3o museal compreende um processo de m\u00faltiplas dimens\u00f5es de ordem te\u00f3rica, pr\u00e1tica e de planejamento, em permanente di\u00e1logo com o museu e a sociedade. Aliar propostas de arte e educa\u00e7\u00e3o, comprometidas com as origens do povo brasileiro e com a valoriza\u00e7\u00e3o das diversidades, \u00e9 uma das diretrizes que norteia o projeto educativo [&hellip;]<\/p>\n","protected":false},"author":1,"featured_media":0,"parent":0,"menu_order":0,"comment_status":"closed","ping_status":"closed","template":"","meta":{"footnotes":""},"class_list":["post-3457","page","type-page","status-publish","format-standard","hentry"],"_links":{"self":[{"href":"https:\/\/museuafrobrasileiro.com.br\/index.php\/wp-json\/wp\/v2\/pages\/3457","targetHints":{"allow":["GET"]}}],"collection":[{"href":"https:\/\/museuafrobrasileiro.com.br\/index.php\/wp-json\/wp\/v2\/pages"}],"about":[{"href":"https:\/\/museuafrobrasileiro.com.br\/index.php\/wp-json\/wp\/v2\/types\/page"}],"author":[{"embeddable":true,"href":"https:\/\/museuafrobrasileiro.com.br\/index.php\/wp-json\/wp\/v2\/users\/1"}],"replies":[{"embeddable":true,"href":"https:\/\/museuafrobrasileiro.com.br\/index.php\/wp-json\/wp\/v2\/comments?post=3457"}],"version-history":[{"count":2,"href":"https:\/\/museuafrobrasileiro.com.br\/index.php\/wp-json\/wp\/v2\/pages\/3457\/revisions"}],"predecessor-version":[{"id":3459,"href":"https:\/\/museuafrobrasileiro.com.br\/index.php\/wp-json\/wp\/v2\/pages\/3457\/revisions\/3459"}],"wp:attachment":[{"href":"https:\/\/museuafrobrasileiro.com.br\/index.php\/wp-json\/wp\/v2\/media?parent=3457"}],"curies":[{"name":"wp","href":"https:\/\/api.w.org\/{rel}","templated":true}]}}

<p><strong>EDUCATIVO DO MUNCAB</strong><br>A educação museal compreende um processo de múltiplas dimensões de ordem teórica, prática e de planejamento, em permanente diálogo com o museu e a sociedade. Aliar propostas de arte e educação, comprometidas com as origens do povo brasileiro e com a valorização das diversidades, é uma das diretrizes que norteia o projeto educativo do Museu Nacional da Cultura Afro-Brasileira. As ações educacionais do Muncab são realizadas em parceria com a Associação Sociocultural Nubas. O programa busca atrair e engajar diversos segmentos da sociedade, fomentando o diálogo intercultural e a compreensão da contribuição afro-brasileira para a cultura nacional.<br><br><br><strong>DIÁLOGOS NEGROS MUNCAB:</strong> Este espaço visa promover o compartilhamento de experiências, fortalecimento identitário, diversidade e cooperação entre diversas áreas da cultura. Os encontros reúnem artistas, técnicos, intelectuais, agentes culturais, produtores e pesquisadores para discutir a cultura afro-brasileira, afro-atlântica e africana, enfocando aspectos históricos, memória e contemporaneidade. Além disso, o projeto terá um enfoque especial no protagonismo juvenil e na promoção da herança negra, reforçando a autoestima e o pertencimento. </p>



<p><strong>OFICINAS MUNCAB: </strong>Oficinas gratuitas, realizadas em quatro dias consecutivos (quintas a domingos no período vespertino), dialogando com a programação cultural do museu e explorando diversas vertentes e conexões com as artes visuais.&nbsp;</p>



<p><strong>DIÁLOGOS NO ACERVO NO MUNCAB:</strong> Encontros gratuitos de aproximadamente uma hora que mostram diferentes abordagens da coleção do museu, seguindo a proposta da estrutura dos cavaletes que elimina hierarquias na apresentação das obras. Os diálogos serão conduzidos pelos integrantes do núcleo de Mediação e Programas Públicos, podendo contar com a participação de convidados externos ou colaboradores de outros núcleos do MUNCAB. <br><br><strong>AGENDAMENTO DE ESCOLAS NO MUNCAB: </strong>Este serviço permite que professores e escolas organizem suas próprias visitas ao museu, facilitando o acesso de escolas e instituições educacionais. Além disso, serão mantidas as políticas de apoio a professores, distribuição gratuita de materiais educativos e parcerias com escolas da vizinhança, visando a democratização do acesso ao conhecimento sobre a cultura afro-brasileira.<br><br>O Plano Político Pedagógico do Museu Nacional da Cultura Afro-brasileira (Muncab) também considera os seguintes princípios e valores essenciais inspirado na Escola Criativa Boca de Brasa: </p>



<ul class="wp-block-list">
<li>Contribuição em ações de combate ao racismo e ao machismo, de apoio a comunidades quilombolas, às manifestações de matrizes africanas, bem como às temáticas LGBTQIAPN+, de valorização das mulheres, pessoas com deficiência, idosos e outras minorias. </li>
</ul>



<ul class="wp-block-list">
<li>Potencialização da vocação afro-brasileira para o pioneirismo, inovação e diversidade cultural e criativa. </li>
</ul>



<ul class="wp-block-list">
<li>Contribuição com ações formativas que foquem nas culturas de matrizes afro-brasileiras, tendo como público prioritário os mais vulneráveis e excluídos.</li>
</ul>



<ul class="wp-block-list">
<li>Valorização da diversidade cultural nas dimensões simbólica, cidadã e econômica.</li>
</ul>



<ul class="wp-block-list">
<li>Promoção e respeito aos direitos culturais na perspectiva da democracia, da cidadania cultural e da interculturalidade. </li>
</ul>



<ul class="wp-block-list">
<li>Contribuição para a superação da segregação socioespacial, socioeconômica, racial, de gênero e de orientação sexual. </li>
</ul>



<ul class="wp-block-list">
<li>Democratização do acesso à cultura com relação aos meios de criação, produção, circulação, distribuição e fruição de bens culturais. </li>
</ul>



<ul class="wp-block-list">
<li>Contribuição para a promoção da acessibilidade, considerando as dimensões arquitetônica, comunicacional, metodológica, instrumental e programática. </li>
</ul>



<ul class="wp-block-list">
<li>Integração, transversalidade e intersetorialidade de ações culturais. </li>
</ul>



<ul class="wp-block-list">
<li>Descentralização de ações culturais com ampla abrangência de públicos. </li>
</ul>



<ul class="wp-block-list">
<li>Fortalecimento da economia criativa, do empreendedorismo, da geração de renda e da inserção de agentes culturais e criativos no mercado de trabalho. </li>
</ul>



<ul class="wp-block-list">
<li>Foco na potencialização, sustentabilidade e atuação colaborativa de iniciativas culturais e criativas. </li>
</ul>

<p>EDUCATIVO DO MUNCABA educação museal compreende um processo de múltiplas dimensões de ordem teórica, prática e de planejamento, em permanente diálogo com o museu e a sociedade. Aliar propostas de arte e educação, comprometidas com as origens do povo brasileiro e com a valorização das diversidades, é uma das diretrizes que norteia o projeto educativo [&hellip;]</p>
