{"id":3524,"date":"2025-06-11T13:02:51","date_gmt":"2025-06-11T16:02:51","guid":{"rendered":"https:\/\/museuafrobrasileiro.com.br\/?page_id=3524"},"modified":"2025-07-19T17:27:41","modified_gmt":"2025-07-19T20:27:41","slug":"projeto-porto-dos-saberes","status":"publish","type":"page","link":"https:\/\/museuafrobrasileiro.com.br\/index.php\/projeto-porto-dos-saberes\/","title":{"rendered":"PROJETO PORTO DOS SABERES"},"content":{"rendered":"\n<p><strong>PROJETO PORTO DOS SABERES<\/strong><\/p>\n\n\n\n<p>Realizado no Museu Nacional da Cultura Afro-Brasileira (MUNCAB), no Centro Hist\u00f3rico de Salvador, o projeto oferece palestras gratuitas com pensadores negros de destaque nacional, visitas guiadas para grupos de institui\u00e7\u00f5es p\u00fablicas e sociais, al\u00e9m da cria\u00e7\u00e3o de um banco de talentos que conecta estudantes universit\u00e1rios \u2014 especialmente negros \u2014 a oportunidades reais de est\u00e1gio e emprego junto a empresas do Porto de Salvador. As atividades t\u00eam como foco contribuir com a forma\u00e7\u00e3o cidad\u00e3 dos visitantes, ampliando o alcance do museu como um espa\u00e7o diverso, inclusivo e plural, contribuindo com a frui\u00e7\u00e3o est\u00e9tica, art\u00edstica e cultural do patrim\u00f4nio cultural afro-brasileiro.<br><\/p>\n\n\n\n<p>O \u201cPorto dos Saberes\u201d \u00e9 realizado pela Amafro por meio do Programa de Isen\u00e7\u00e3o Fiscal Viva Cultura, da Prefeitura de Salvador, com apoio da Secretaria Municipal da Fazenda (SEFAZ), da Secretaria Municipal de Cultura e Turismo (SECULT) e da Funda\u00e7\u00e3o Greg\u00f3rio de Mattos (FGM).<br><\/p>\n\n\n\n<h2 class=\"wp-block-heading\">Ciclo de Palestras | Inscri\u00e7\u00f5es <\/h2>\n\n\n\n<p><strong>Participe de encontros com pensadoras, artistas e intelectuais que est\u00e3o transformando o Brasil com suas ideias, pr\u00e1ticas e trajet\u00f3rias.<\/strong><br><em>Local: Rua das Vassouras, 25, Centro Hist\u00f3rico em Salvador, no Museu Nacional da Cultura Afro-Brasileira \u2013 MUNCAB<\/em><br><em>Inscri\u00e7\u00f5es gratuitas com emiss\u00e3o de certificado.<\/em><\/p>\n\n\n\n<p><\/p>\n\n\n\n<p><\/p>\n\n\n\n<h3 class=\"wp-block-heading\">\ud83d\udcc5 30 de maio de 2025<\/h3>\n\n\n\n<h3 class=\"wp-block-heading\">\ud83c\udfa4&nbsp;<strong>Erica Malunguinho<\/strong><\/h3>\n\n\n\n<p>\ud83d\udcdd&nbsp;<em>Tema:<\/em>&nbsp;<strong>Inventar Futuro: Ancestralidade, Afrofuturismo e Transforma\u00e7\u00e3o Social<\/strong><br>Educadora, artista, ativista e fundadora do quilombo urbano Aparelha Luzia. Primeira deputada trans eleita no Brasil.<br>\ud83d\udd17&nbsp;<strong>Inscri\u00e7\u00f5es encerradas<\/strong><\/p>\n\n\n\n<p><a class=\"\" href=\"#\"><\/a><\/p>\n\n\n\n<hr class=\"wp-block-separator has-alpha-channel-opacity\"\/>\n\n\n\n<hr class=\"wp-block-separator has-alpha-channel-opacity\"\/>\n\n\n\n<h3 class=\"wp-block-heading\">\ud83d\udcc5 7 de junho de 2025<\/h3>\n\n\n\n<h3 class=\"wp-block-heading\">\ud83c\udfa4&nbsp;<strong>Monique Evelle<\/strong><\/h3>\n\n\n\n<p>\ud83d\udcdd&nbsp;<em>Tema:<\/em>&nbsp;<strong>Estrat\u00e9gias que Transformam: Inova\u00e7\u00e3o e Impacto<\/strong><br>Fundadora da Inventivos. Shark mais jovem do Shark Tank Brasil. Refer\u00eancia em inova\u00e7\u00e3o, branding e neg\u00f3cios de impacto.<br>\ud83d\udd17&nbsp;<strong><strong>Inscri\u00e7\u00f5es encerradas<\/strong><\/strong><\/p>\n\n\n\n<p><\/p>\n\n\n\n<hr class=\"wp-block-separator has-alpha-channel-opacity\"\/>\n\n\n\n<hr class=\"wp-block-separator has-alpha-channel-opacity\"\/>\n\n\n\n<h3 class=\"wp-block-heading\">\ud83d\udcc5 14 de junho de 2025<\/h3>\n\n\n\n<h3 class=\"wp-block-heading\">\ud83c\udfa4&nbsp;<strong>Aldri Anuncia\u00e7\u00e3o<\/strong><\/h3>\n\n\n\n<p>\ud83d\udcdd&nbsp;<em>Tema:<\/em>&nbsp;<strong>Das Letras para as Imagens<\/strong><br>Ator, dramaturgo, criador da pe\u00e7a &#8220;Nam\u00edbia, N\u00e3o!&#8221; e roteirista premiado.<br>\ud83d\udd17&nbsp;<strong><a href=\"https:\/\/docs.google.com\/forms\/d\/e\/1FAIpQLSfNZUBVCfXwmwWo7FNKEojCkjlC2tO7vR_a1GriNQIgmiRrjw\/viewform?usp=preview\">Inscreva-se gratuitamente AQUI<\/a><\/strong><\/p>\n\n\n\n<p><\/p>\n\n\n\n<hr class=\"wp-block-separator has-alpha-channel-opacity\"\/>\n\n\n\n<hr class=\"wp-block-separator has-alpha-channel-opacity\"\/>\n\n\n\n<h3 class=\"wp-block-heading\">\ud83d\udcc5 28 de junho de 2025<\/h3>\n\n\n\n<h3 class=\"wp-block-heading\">\ud83c\udfa4&nbsp;<strong>Dra. L\u00edvia Sant\u2019Anna Vaz<\/strong><\/h3>\n\n\n\n<p>\ud83d\udcdd&nbsp;<em>Tema:<\/em>&nbsp;<strong>Interseccionalidade como Ferramenta Jur\u00eddica<\/strong><br>Promotora de Justi\u00e7a, doutora em Ci\u00eancias Jur\u00eddico-Pol\u00edticas, refer\u00eancia no combate ao racismo estrutural.<br>\ud83d\udd17<strong><a href=\"https:\/\/docs.google.com\/forms\/d\/e\/1FAIpQLSdwyGQYRLigbct5AEF2dyYp6SQHHtr-jz88njM1o7uJZDghtg\/viewform?usp=header\">&nbsp;Inscreva-se gratuitamente AQUI <\/a><\/strong><\/p>\n\n\n\n<p><\/p>\n\n\n\n<hr class=\"wp-block-separator has-alpha-channel-opacity\"\/>\n\n\n\n<hr class=\"wp-block-separator has-alpha-channel-opacity\"\/>\n\n\n\n<h3 class=\"wp-block-heading\">\ud83d\udcc5 5 de julho de 2025<\/h3>\n\n\n\n<h3 class=\"wp-block-heading\">\ud83c\udfa4&nbsp;<strong>Vilma Reis<\/strong><\/h3>\n\n\n\n<p>\ud83d\udcdd&nbsp;<em>Tema:<\/em>&nbsp;<strong>Intelectualidade Negra: Grafias Singulares no Feminino<\/strong><br>Soci\u00f3loga e ativista. Uma das principais vozes na luta por justi\u00e7a racial e democracia.<br>\ud83d\udd17&nbsp;<a href=\"https:\/\/docs.google.com\/forms\/d\/e\/1FAIpQLSdOjQWpRVQJtGAqqTEtMMFhrRwec0PwTHfl-okoQS-uPDosUQ\/viewform?usp=preview\"><strong>Inscreva-se gratuitamente AQUI<\/strong><\/a><\/p>\n\n\n\n<p><\/p>\n\n\n\n<hr class=\"wp-block-separator has-alpha-channel-opacity\"\/>\n\n\n\n<hr class=\"wp-block-separator has-alpha-channel-opacity\"\/>\n\n\n\n<h3 class=\"wp-block-heading\">\ud83d\udcc5 12 de julho de 2025<\/h3>\n\n\n\n<h3 class=\"wp-block-heading\">\ud83c\udfa4&nbsp;<strong>Val Benvindo<\/strong><\/h3>\n\n\n\n<p>\ud83d\udcdd&nbsp;<em>Tema:<\/em>&nbsp;<strong>G\u00eanero, Ra\u00e7a e Comunica\u00e7\u00e3o: Territ\u00f3rios de Afetos<\/strong><br>Jornalista, apresentadora do quadro \u201cMeu Nome \u00e9 Val\u201d e gerente do AFROPUNK Brasil.<br>\ud83d\udd17&nbsp;<strong><a href=\"https:\/\/docs.google.com\/forms\/d\/e\/1FAIpQLSd-hX3v6B6GeDrNxsznKlp95gXAnsfadx51l1EK-vJ1VNpWHg\/viewform?usp=sharing&amp;ouid=107911186896730438098\">Inscreva-se gratuitamente AQUI<\/a><\/strong><\/p>\n\n\n\n<p><\/p>\n\n\n\n<hr class=\"wp-block-separator has-alpha-channel-opacity\"\/>\n\n\n\n<hr class=\"wp-block-separator has-alpha-channel-opacity\"\/>\n\n\n\n<h3 class=\"wp-block-heading\">\ud83d\udcc5 19 de julho de 2025<\/h3>\n\n\n\n<h3 class=\"wp-block-heading\">\ud83c\udfa4&nbsp;<strong>Midi\u00e3 Noelle<\/strong><\/h3>\n\n\n\n<p>\ud83d\udcdd&nbsp;<em>Tema:<\/em>&nbsp;<strong>Vozes que Tecem caminhos<\/strong><br>Jornalista, mestra em Cultura e Sociedade pela UFBA e fundadora do Instituto Commbne<br>\ud83d\udd17&nbsp;<strong><a href=\"https:\/\/docs.google.com\/forms\/d\/1pWD452orqA6NEGy1VB7JwtFrhd8liTVj3yEvb2TvAbU\/viewform?edit_requested=true\">Inscreva-se gratuitamente AQUI<\/a><\/strong><\/p>\n\n\n\n<p><\/p>\n\n\n\n<hr class=\"wp-block-separator has-alpha-channel-opacity\"\/>\n\n\n\n<hr class=\"wp-block-separator has-alpha-channel-opacity\"\/>\n\n\n\n<h3 class=\"wp-block-heading\">\ud83d\udcc5 2 de agosto de 2025<\/h3>\n\n\n\n<h3 class=\"wp-block-heading\">\ud83c\udfa4&nbsp;<strong>Isa Isaac Silva<\/strong><\/h3>\n\n\n\n<p>\ud83d\udcdd&nbsp;<em>Tema:<\/em>&nbsp;<strong>Costurando identidade: a moda como linguagem e caminho<\/strong><br>Estilista baiana, empres\u00e1ria e influenciadora do segmento de moda.<br>\ud83d\udd17<a href=\"https:\/\/docs.google.com\/forms\/d\/1EgjJ7zoKbV6_neC-NOTtUXpst3LHOC4cZkgQoiKeoec\/viewform?edit_requested=true\">&nbsp;<strong>Inscreva-se gratuitamente AQUI<\/strong><\/a><\/p>\n\n\n\n<p><\/p>\n\n\n\n<hr class=\"wp-block-separator has-alpha-channel-opacity\"\/>\n\n\n\n<hr class=\"wp-block-separator has-alpha-channel-opacity\"\/>\n\n\n\n<h3 class=\"wp-block-heading\">\ud83d\udcc5 07 de agosto de 2025<\/h3>\n\n\n\n<h3 class=\"wp-block-heading\">\ud83c\udfa4&nbsp;<strong>Fl\u00e1via Oliveira<\/strong><\/h3>\n\n\n\n<p>\ud83d\udcdd&nbsp;<em>Tema:<\/em>&nbsp;<strong>Jornalismo, Ativismo e Representatividade: a Palavra como Ferramenta de Mudan\u00e7a <\/strong><br>Jornalista, comentarista na Globo News e podcaster na Angu de Grilo.<br>\ud83d\udd17<a href=\"https:\/\/docs.google.com\/forms\/d\/1H66QsFBWwbLgdVcI2cBHwBfG4f9LKMy-Kp5OrdcXodY\/viewform?edit_requested=true\">&nbsp;<strong>Inscreva-se gratuitamente AQUI<\/strong><\/a><\/p>\n\n\n\n<hr class=\"wp-block-separator has-alpha-channel-opacity\"\/>\n\n\n\n<p><\/p>\n\n\n\n<hr class=\"wp-block-separator has-alpha-channel-opacity\"\/>\n\n\n\n<hr class=\"wp-block-separator has-alpha-channel-opacity\"\/>\n\n\n\n<h3 class=\"wp-block-heading\">\ud83d\udcc5 16 de agosto de 2025<\/h3>\n\n\n\n<h3 class=\"wp-block-heading\">\ud83c\udfa4&nbsp;<strong>Rodney <\/strong>William<\/h3>\n\n\n\n<p>\ud83d\udcdd&nbsp;<em>Tema:<\/em>&nbsp;<strong>Apropria\u00e7\u00e3o Cultural:<\/strong> <strong>entre Direitos, Mem\u00f3ria e Reconhecimento<\/strong><br>Babalorix\u00e1, antrop\u00f3logo, escritor, mestre em Gerontologia e doutor em Ci\u00eancias Sociais pela PUC. <br>\ud83d\udd17<a href=\"https:\/\/docs.google.com\/forms\/d\/e\/1FAIpQLSeD7NGaUFi7ApdBxZ1INu9fmuybWwvGpxr9xEbC7RqwJJghkg\/viewform?usp=preview\">&nbsp;<strong>Inscreva-se gratuitamente AQUI<\/strong><\/a><\/p>\n\n\n\n<hr class=\"wp-block-separator has-alpha-channel-opacity\"\/>\n\n\n\n<p><\/p>\n\n\n\n<h2 class=\"wp-block-heading\">Pr\u00f3ximas Palestras Confirmadas<\/h2>\n\n\n\n<p>Fique de olho nas pr\u00f3ximas datas.<\/p>\n\n\n\n<p><\/p>\n","protected":false},"excerpt":{"rendered":"<p>PROJETO PORTO DOS SABERES Realizado no Museu Nacional da Cultura Afro-Brasileira (MUNCAB), no Centro Hist\u00f3rico de Salvador, o projeto oferece palestras gratuitas com pensadores negros de destaque nacional, visitas guiadas para grupos de institui\u00e7\u00f5es p\u00fablicas e sociais, al\u00e9m da cria\u00e7\u00e3o de um banco de talentos que conecta estudantes universit\u00e1rios \u2014 especialmente negros \u2014 a oportunidades [&hellip;]<\/p>\n","protected":false},"author":1,"featured_media":0,"parent":0,"menu_order":0,"comment_status":"closed","ping_status":"closed","template":"","meta":{"footnotes":""},"class_list":["post-3524","page","type-page","status-publish","format-standard","hentry"],"_links":{"self":[{"href":"https:\/\/museuafrobrasileiro.com.br\/index.php\/wp-json\/wp\/v2\/pages\/3524","targetHints":{"allow":["GET"]}}],"collection":[{"href":"https:\/\/museuafrobrasileiro.com.br\/index.php\/wp-json\/wp\/v2\/pages"}],"about":[{"href":"https:\/\/museuafrobrasileiro.com.br\/index.php\/wp-json\/wp\/v2\/types\/page"}],"author":[{"embeddable":true,"href":"https:\/\/museuafrobrasileiro.com.br\/index.php\/wp-json\/wp\/v2\/users\/1"}],"replies":[{"embeddable":true,"href":"https:\/\/museuafrobrasileiro.com.br\/index.php\/wp-json\/wp\/v2\/comments?post=3524"}],"version-history":[{"count":8,"href":"https:\/\/museuafrobrasileiro.com.br\/index.php\/wp-json\/wp\/v2\/pages\/3524\/revisions"}],"predecessor-version":[{"id":3545,"href":"https:\/\/museuafrobrasileiro.com.br\/index.php\/wp-json\/wp\/v2\/pages\/3524\/revisions\/3545"}],"wp:attachment":[{"href":"https:\/\/museuafrobrasileiro.com.br\/index.php\/wp-json\/wp\/v2\/media?parent=3524"}],"curies":[{"name":"wp","href":"https:\/\/api.w.org\/{rel}","templated":true}]}}

<p><strong>PROJETO PORTO DOS SABERES</strong></p>



<p>Realizado no Museu Nacional da Cultura Afro-Brasileira (MUNCAB), no Centro Histórico de Salvador, o projeto oferece palestras gratuitas com pensadores negros de destaque nacional, visitas guiadas para grupos de instituições públicas e sociais, além da criação de um banco de talentos que conecta estudantes universitários — especialmente negros — a oportunidades reais de estágio e emprego junto a empresas do Porto de Salvador. As atividades têm como foco contribuir com a formação cidadã dos visitantes, ampliando o alcance do museu como um espaço diverso, inclusivo e plural, contribuindo com a fruição estética, artística e cultural do patrimônio cultural afro-brasileiro.<br></p>



<p>O “Porto dos Saberes” é realizado pela Amafro por meio do Programa de Isenção Fiscal Viva Cultura, da Prefeitura de Salvador, com apoio da Secretaria Municipal da Fazenda (SEFAZ), da Secretaria Municipal de Cultura e Turismo (SECULT) e da Fundação Gregório de Mattos (FGM).<br></p>



<h2 class="wp-block-heading">Ciclo de Palestras | Inscrições </h2>



<p><strong>Participe de encontros com pensadoras, artistas e intelectuais que estão transformando o Brasil com suas ideias, práticas e trajetórias.</strong><br><em>Local: Rua das Vassouras, 25, Centro Histórico em Salvador, no Museu Nacional da Cultura Afro-Brasileira – MUNCAB</em><br><em>Inscrições gratuitas com emissão de certificado.</em></p>



<p></p>



<p></p>



<h3 class="wp-block-heading">📅 30 de maio de 2025</h3>



<h3 class="wp-block-heading">🎤&nbsp;<strong>Erica Malunguinho</strong></h3>



<p>📝&nbsp;<em>Tema:</em>&nbsp;<strong>Inventar Futuro: Ancestralidade, Afrofuturismo e Transformação Social</strong><br>Educadora, artista, ativista e fundadora do quilombo urbano Aparelha Luzia. Primeira deputada trans eleita no Brasil.<br>🔗&nbsp;<strong>Inscrições encerradas</strong></p>



<p><a class="" href="#"></a></p>



<hr class="wp-block-separator has-alpha-channel-opacity"/>



<hr class="wp-block-separator has-alpha-channel-opacity"/>



<h3 class="wp-block-heading">📅 7 de junho de 2025</h3>



<h3 class="wp-block-heading">🎤&nbsp;<strong>Monique Evelle</strong></h3>



<p>📝&nbsp;<em>Tema:</em>&nbsp;<strong>Estratégias que Transformam: Inovação e Impacto</strong><br>Fundadora da Inventivos. Shark mais jovem do Shark Tank Brasil. Referência em inovação, branding e negócios de impacto.<br>🔗&nbsp;<strong><strong>Inscrições encerradas</strong></strong></p>



<p></p>



<hr class="wp-block-separator has-alpha-channel-opacity"/>



<hr class="wp-block-separator has-alpha-channel-opacity"/>



<h3 class="wp-block-heading">📅 14 de junho de 2025</h3>



<h3 class="wp-block-heading">🎤&nbsp;<strong>Aldri Anunciação</strong></h3>



<p>📝&nbsp;<em>Tema:</em>&nbsp;<strong>Das Letras para as Imagens</strong><br>Ator, dramaturgo, criador da peça &#8220;Namíbia, Não!&#8221; e roteirista premiado.<br>🔗&nbsp;<strong><a href="https://docs.google.com/forms/d/e/1FAIpQLSfNZUBVCfXwmwWo7FNKEojCkjlC2tO7vR_a1GriNQIgmiRrjw/viewform?usp=preview">Inscreva-se gratuitamente AQUI</a></strong></p>



<p></p>



<hr class="wp-block-separator has-alpha-channel-opacity"/>



<hr class="wp-block-separator has-alpha-channel-opacity"/>



<h3 class="wp-block-heading">📅 28 de junho de 2025</h3>



<h3 class="wp-block-heading">🎤&nbsp;<strong>Dra. Lívia Sant’Anna Vaz</strong></h3>



<p>📝&nbsp;<em>Tema:</em>&nbsp;<strong>Interseccionalidade como Ferramenta Jurídica</strong><br>Promotora de Justiça, doutora em Ciências Jurídico-Políticas, referência no combate ao racismo estrutural.<br>🔗<strong><a href="https://docs.google.com/forms/d/e/1FAIpQLSdwyGQYRLigbct5AEF2dyYp6SQHHtr-jz88njM1o7uJZDghtg/viewform?usp=header">&nbsp;Inscreva-se gratuitamente AQUI </a></strong></p>



<p></p>



<hr class="wp-block-separator has-alpha-channel-opacity"/>



<hr class="wp-block-separator has-alpha-channel-opacity"/>



<h3 class="wp-block-heading">📅 5 de julho de 2025</h3>



<h3 class="wp-block-heading">🎤&nbsp;<strong>Vilma Reis</strong></h3>



<p>📝&nbsp;<em>Tema:</em>&nbsp;<strong>Intelectualidade Negra: Grafias Singulares no Feminino</strong><br>Socióloga e ativista. Uma das principais vozes na luta por justiça racial e democracia.<br>🔗&nbsp;<a href="https://docs.google.com/forms/d/e/1FAIpQLSdOjQWpRVQJtGAqqTEtMMFhrRwec0PwTHfl-okoQS-uPDosUQ/viewform?usp=preview"><strong>Inscreva-se gratuitamente AQUI</strong></a></p>



<p></p>



<hr class="wp-block-separator has-alpha-channel-opacity"/>



<hr class="wp-block-separator has-alpha-channel-opacity"/>



<h3 class="wp-block-heading">📅 12 de julho de 2025</h3>



<h3 class="wp-block-heading">🎤&nbsp;<strong>Val Benvindo</strong></h3>



<p>📝&nbsp;<em>Tema:</em>&nbsp;<strong>Gênero, Raça e Comunicação: Territórios de Afetos</strong><br>Jornalista, apresentadora do quadro “Meu Nome é Val” e gerente do AFROPUNK Brasil.<br>🔗&nbsp;<strong><a href="https://docs.google.com/forms/d/e/1FAIpQLSd-hX3v6B6GeDrNxsznKlp95gXAnsfadx51l1EK-vJ1VNpWHg/viewform?usp=sharing&amp;ouid=107911186896730438098">Inscreva-se gratuitamente AQUI</a></strong></p>



<p></p>



<hr class="wp-block-separator has-alpha-channel-opacity"/>



<hr class="wp-block-separator has-alpha-channel-opacity"/>



<h3 class="wp-block-heading">📅 19 de julho de 2025</h3>



<h3 class="wp-block-heading">🎤&nbsp;<strong>Midiã Noelle</strong></h3>



<p>📝&nbsp;<em>Tema:</em>&nbsp;<strong>Vozes que Tecem caminhos</strong><br>Jornalista, mestra em Cultura e Sociedade pela UFBA e fundadora do Instituto Commbne<br>🔗&nbsp;<strong><a href="https://docs.google.com/forms/d/1pWD452orqA6NEGy1VB7JwtFrhd8liTVj3yEvb2TvAbU/viewform?edit_requested=true">Inscreva-se gratuitamente AQUI</a></strong></p>



<p></p>



<hr class="wp-block-separator has-alpha-channel-opacity"/>



<hr class="wp-block-separator has-alpha-channel-opacity"/>



<h3 class="wp-block-heading">📅 2 de agosto de 2025</h3>



<h3 class="wp-block-heading">🎤&nbsp;<strong>Isa Isaac Silva</strong></h3>



<p>📝&nbsp;<em>Tema:</em>&nbsp;<strong>Costurando identidade: a moda como linguagem e caminho</strong><br>Estilista baiana, empresária e influenciadora do segmento de moda.<br>🔗<a href="https://docs.google.com/forms/d/1EgjJ7zoKbV6_neC-NOTtUXpst3LHOC4cZkgQoiKeoec/viewform?edit_requested=true">&nbsp;<strong>Inscreva-se gratuitamente AQUI</strong></a></p>



<p></p>



<hr class="wp-block-separator has-alpha-channel-opacity"/>



<hr class="wp-block-separator has-alpha-channel-opacity"/>



<h3 class="wp-block-heading">📅 07 de agosto de 2025</h3>



<h3 class="wp-block-heading">🎤&nbsp;<strong>Flávia Oliveira</strong></h3>



<p>📝&nbsp;<em>Tema:</em>&nbsp;<strong>Jornalismo, Ativismo e Representatividade: a Palavra como Ferramenta de Mudança </strong><br>Jornalista, comentarista na Globo News e podcaster na Angu de Grilo.<br>🔗<a href="https://docs.google.com/forms/d/1H66QsFBWwbLgdVcI2cBHwBfG4f9LKMy-Kp5OrdcXodY/viewform?edit_requested=true">&nbsp;<strong>Inscreva-se gratuitamente AQUI</strong></a></p>



<hr class="wp-block-separator has-alpha-channel-opacity"/>



<p></p>



<hr class="wp-block-separator has-alpha-channel-opacity"/>



<hr class="wp-block-separator has-alpha-channel-opacity"/>



<h3 class="wp-block-heading">📅 16 de agosto de 2025</h3>



<h3 class="wp-block-heading">🎤&nbsp;<strong>Rodney </strong>William</h3>



<p>📝&nbsp;<em>Tema:</em>&nbsp;<strong>Apropriação Cultural:</strong> <strong>entre Direitos, Memória e Reconhecimento</strong><br>Babalorixá, antropólogo, escritor, mestre em Gerontologia e doutor em Ciências Sociais pela PUC. <br>🔗<a href="https://docs.google.com/forms/d/e/1FAIpQLSeD7NGaUFi7ApdBxZ1INu9fmuybWwvGpxr9xEbC7RqwJJghkg/viewform?usp=preview">&nbsp;<strong>Inscreva-se gratuitamente AQUI</strong></a></p>



<hr class="wp-block-separator has-alpha-channel-opacity"/>



<p></p>



<h2 class="wp-block-heading">Próximas Palestras Confirmadas</h2>



<p>Fique de olho nas próximas datas.</p>



<p></p>

<p>PROJETO PORTO DOS SABERES Realizado no Museu Nacional da Cultura Afro-Brasileira (MUNCAB), no Centro Histórico de Salvador, o projeto oferece palestras gratuitas com pensadores negros de destaque nacional, visitas guiadas para grupos de instituições públicas e sociais, além da criação de um banco de talentos que conecta estudantes universitários — especialmente negros — a oportunidades [&hellip;]</p>
